 Give h(2).
-9
Suppose -5*o - 13 = -13. Suppose o = -3*q - 40 + 157. Let a(p) = 37*p - 2 + p**2 - q*p - p**3 - p**3. Determine a(-2).
22
Let o(y) = -2*y - 31. Let k = 3532 - 3542. Determine o(k).
-11
Let t(w) = -w**3 + 2*w**2 + 3*w + 1. Let d = -88 - -161. Suppose -d*n - 4 = -71*n. Determine t(n).
11
Let n(f) = 5*f**2 + 2*f - 1. Let c be ((-18)/(-5) - 4)*10. Let x = 40 + -42. Let w be c/x*(-1)/(-2). What is n(w)?
6
Let n(q) be the first derivative of -5*q**2/2 + 4*q + 523. Give n(-4).
24
Suppose 14*i - 17*i = -141. Let p = i - 46. Let g(j) = -24*j**3 + j**2 - j + 1. Calculate g(p).
-23
Let o(p) = 2*p + 45. Suppose -8*a = -5*k - 0*a - 44, -a + 22 = -2*k. Give o(k).
21
Let p(s) = -s**2 - 31*s - 24. Suppose -1190 = 24*c - 470. What is p(c)?
6
Let g(x) = 68*x + 1. Let c(h) = -55*h + 71. Let r(v) = -c(v) - g(v). What is r(-5)?
-7
Let b(n) = 25*n**3 + 28*n**3 + n**2 + 2*n + 0*n**2 + 1 + 0*n**2. Suppose 0 = 33*t + 67*t + 11*t + 111. Determine b(t).
-53
Let m(b) = -2*b - 1. Let z be m(-3). Let n(t) be the first derivative of t**2/2 + t + 158. Let d(v) = -v**2 - v - 6. Let j(a) = d(a) + 6*n(a). What is j(z)?
0
Let i be -26*288/(-40) - 3/15. Let h be (-12)/(-22) + (-663)/i. Let p(x) = x - 4. Calculate p(h).
-7
Let z(c) be the first derivative of -c**4/12 + c**2 - 69*c + 211. Let j(y) be the first derivative of z(y). Let p = 6 - 4. Give j(p).
-2
Let a(w) be the second derivative of 1/8*w**4 + 0 - 4*w**2 - 9*w + 1/6*w**3. Let r(j) be the first derivative of a(j). What is r(2)?
7
Suppose -142*m + 12 = -146*m. Let p(x) = -2*x - 21. Let d(n) = -n - 19. Let y(u) = m*d(u) + 2*p(u). Calculate y(13).
2
Let k(g) be the second derivative of 61*g**3/6 - 29*g**2 - 17*g. Let r be k(1). Let y(p) = p**2 - 2*p - 7. Determine y(r).
-4
Let u(z) = 4*z**2 - 6*z - 8. Let i(l) = -l**2 + 1. Let x(f) = 5*i(f) + u(f). Let d = 209 + -194. Suppose d*t = -39 - 51. Determine x(t).
-3
Let b(l) be the second derivative of l**4/12 + 5*l**3/6 + 2*l**2 - l. Suppose -14*g - 712 = 772. Let j = 103 + g. Give b(j).
-2
Let o(g) be the third derivative of 1/3*g**3 - 5/24*g**4 - 1/20*g**5 + 1/120*g**6 - 3*g - 18*g**2 + 0. What is o(4)?
-2
Let i = -84 - -93. Suppose i*n - 319 - 428 = 0. Let g(u) = u**3 - 84*u + n*u + 0*u**3. Give g(-2).
-6
Let y be 531/1239*(2 - 30). Let w(b) = b**3 + 11*b**2 - 28*b - 159. Calculate w(y).
33
Let d be -10 - -14 - (1 - -5). Suppose -7*i + 6 = -4*i. Let s(w) = -19*w**2 + 2*w**3 - 1 - 9*w**i - 18*w**2 + 48*w**2. What is s(d)?
-9
Let d(j) = 28*j**3 - 2*j**2 - 3*j - 1. Let r(n) = -82*n**3 + 7*n**2 + 10*n + 3. Let x(w) = -7*d(w) - 2*r(w). Determine x(-1).
32
Let z(i) = 18*i - 3. Let j(q) = -40*q + 7. Let x(k) = -2*j(k) - 5*z(k). Let w(n) = 14*n - 1. Let a(v) = -2*w(v) - 3*x(v). Give a(1).
1
Let k(n) = n**2 - 4*n + 3. Suppose -9*o + 5*o - w + 10 = 0, 2*w + 4 = 4*o. Suppose 5*d + 3*h - 40 = 0, 0 = 3*d - 0*h - o*h - 5. Calculate k(d).
8
Let b(f) = 11*f**2 - 8*f - 34. Let m(w) = -39*w**2 + 24*w + 103. Let h(u) = 7*b(u) + 2*m(u). Give h(-4).
-16
Suppose 0 = -3*u + b - 10 - 5, -4*u + 2*b - 20 = 0. Let h be (-2 + 1)/(2 - 9/4). Let s(r) = 59*r**3 + 77*r**3 - 137*r**3 - 5*r**2 + 7 + h*r. What is s(u)?
-13
Let m be 1 - (27 + -16 + -12). Let l(s) = -s**2 - 2*s + 2. Determine l(m).
-6
Let h(j) = -3*j + 20. Let m(u) = -113*u - 2589. Let r be m(-23). Give h(r).
-10
Let u(r) = -2*r**2 - 71*r - 16. Suppose 55*c + 40*c + 2441 = -884. Calculate u(c).
19
Let t(q) be the second derivative of 5/6*q**3 - 5/2*q**2 - 17 - q. Calculate t(-4).
-25
Let x(s) = s**2 - 5*s + 4. Suppose 0 = -8*v + 13282 + 15006. Suppose -4*a + 5*q + 0*q = -v, 0 = -5*q. Let t be 4/(-22) - a/(-143). Determine x(t).
10
Let q = 243 + -215. Let w be q/((-32)/8) - 1. Let a(k) = -4*k**2 + 9*k - 1. Let n(f) = f**2 - f. Let v(t) = -a(t) - 5*n(t). Determine v(w).
-31
Let r(m) = 7. Let b(w) = w - 16. Let l(s) = 3*b(s) + 7*r(s). Let t(y) = y**3 - 5*y**2 - y + 11. Let u be t(5). Suppose u*h + 5 = h. Determine l(h).
-2
Suppose 0 = -0*s + 2*s. Suppose -b - 2*b + 15 = s. Let r(d) be the first derivative of d**3/3 - 5*d**2/2 - 2*d - 36. Calculate r(b).
-2
Let l(y) be the first derivative of 16*y**3/3 + 57*y**2 + 14*y + 58. Let u be l(-7). Let h(p) = -6 + p + p - p. Calculate h(u).
-6
Let u be (-854)/(-18) - 144/324. Let t(n) = -118*n + 60*n + 1 + u*n. Give t(-2).
23
Let j(t) = 11*t**2 + 11*t - 2. Let r(y) = -13*y**2 - 12*y + 1. Let d(w) = 7*j(w) + 6*r(w). What is d(6)?
-14
Let l = 3316 + -3310. Let r(g) = g**2 + 2. Calculate r(l).
38
Let v(l) = -2*l - 2. Let o be (170/(-15))/((-6)/(-27)). Let z = 53 + o. What is v(z)?
-6
Let r(j) = -5*j**2 - 2*j + 2. Let t = -235 + 169. Let z be (-138)/t + (-3)/33. Give r(z).
-22
Let i = -144 + 138. Let k(a) = -3*a - 14. Let z be k(i). Let o(x) = 3*x + 4 - 2*x + 3*x - x**2 + 0*x. Determine o(z).
4
Suppose u + 4*p = 3, -50*p = 3*u - 45*p + 5. Let g(m) = -98*m - 481. Determine g(u).
9
Let c = 21 - 24. Let z be (-80)/(2 + -6) - (c - -1). Let o = z + -18. Let d(t) = 2*t - 4. Calculate d(o).
4
Let o be 105 - 2 - (6 + -10). Suppose b - o = -21. Let d = -91 + b. Let a(q) = q**2 - 3. Determine a(d).
22
Let h(f) = -f**2 - 28*f + 3. Let b be h(-24). Let y(o) = 100*o**2 + b*o**2 + 5*o - 200*o**2 - 4. What is y(8)?
-28
Let t(a) = 30*a - 15*a - 9*a + a**2 - 3*a - 13*a. Give t(-2).
24
Suppose -4*v + 12 = -h, -v + 23*h = 22*h - 6. Suppose -v*z - 382 + 372 = 0. Let k(f) = -1 + 0*f**2 + 5*f - f + f**2. What is k(z)?
4
Let u(i) be the third derivative of i**5/60 - i**4/2 + 7*i**3/3 - 384*i**2 - i. Let h = -7 - -17. Give u(h).
-6
Let a(o) = 11 - 36*o + 93*o - 55*o. Let w(j) = -3*j - 63. Let d be w(-20). What is a(d)?
5
Let h(c) be the second derivative of 3*c**5/20 - c**4/3 + 7*c**3/6 - 5*c**2 - 2325*c. Calculate h(2).
12
Let l(u) = u**3 - 2*u - 6. Let o be (-885)/225 - (-3 + (-138)/(-45)). What is l(o)?
-62
Let x be ((-2)/2)/2*-2. Suppose x + 0 = -p. Let q(j) = 0 + 199278*j**3 + 0 - 199260*j**3 + 1. Determine q(p).
-17
Let r(d) = -d**2 + 2*d + 4. Let j(o) be the third derivative of o**5/60 - o**4/6 - 3*o**3/2 - 237*o**2. Let s(w) = -2*j(w) - 5*r(w). Calculate s(2).
6
Let o(k) = -k**3 - 7*k**2 - 12*k - 8. Let j be o(-5). Suppose -2*y = j*c - 5*c + 13, 5*y + 25 = 5*c. Let z(i) = -6*i**2 + 4*i + 3. Calculate z(y).
-29
Let r(g) = -g**2 + 4*g + 7. Let h = 71 + 242. Let p = -306 + h. Calculate r(p).
-14
Let g(n) = 2*n**2 + 13*n - 1. Let w(x) = 6*x - 1 + 2*x + 6*x + 2*x**2 + x - 4*x. Let t(z) = 5*g(z) - 6*w(z). Determine t(1).
-2
Let p = -131603/4 + 32901. Let i(w) be the second derivative of 1/2*w**3 - 20*w + 0 - w**2 + p*w**4. Give i(2).
16
Let d(y) = -y**2 - 19*y - 61. Let w be d(-14). Suppose w*c - 15 = 21. Let z(q) = -q**3 + 6*q**2 - 5*q - 2. Give z(c).
10
Let c(m) = -3 - 72*m + 23*m + 51*m. Let o be (8/12)/(1/(-6)). Give c(o).
-11
Let v be (1 - 1)/(6/3). Let x(l) = 0 - 1 + 0 - l**2 + l + v*l. Suppose -76*q = -100*q. Determine x(q).
-1
Let h = 353 - 363. Let i(v) = v**3 + 9*v**2 + 16*v**2 + v**2 - 15*v**2 + 7*v - 4. Give i(h).
26
Let j(u) = -2*u**3 - u. Suppose -3*r + 9 = t - 12, -4*t + 2*r = -126. Suppose t*i - 18 - 12 = 0. Determine j(i).
-3
Let u(t) = 2*t**2 + 15*t - 10. Suppose 149 = -17*s - 49*s - 379. Calculate u(s).
-2
Let i(p) be the second derivative of -p**4/3 + p**3/2 - p - 29. Determine i(-1).
-7
Suppose 10*v + 22412 = 22382. Let r(l) = 8*l + 10. Give r(v).
-14
Let w(k) = 27*k - 22. Let t(n) = 3*n - 2. Let f(b) = -8*t(b) + w(b). Let v = 18 + -16. Determine f(v).
0
Suppose 2*t - a = -0*t - 5, 4*t + a = 5. Let d(o) = o**3 - o**2 - 7*o + 4. Let x be d(3). Let h(l) = -l + 0*l + x + t*l + 6*l. Determine h(2).
11
Let u(o) = -o**3 - 7*o**2 + 14*o - 11. Let d be u(-10). Let i = d - 81. Let g(w) = 35 + 38 + 5*w - i - w**2. Give g(6).
-1
Suppose p = 11*k - 10*k + 27, 0 = -p + 4*k + 42. Let q = p - 32. Let a(h) = h + 6. Determine a(q).
-4
Let p be -9 + -2*54/(-12). Let q(h) = -4*h - 15. Let a(l) = -1 + 5*l + 5 + 6 + 4. Let d(k) = 3*a(k) + 4*q(k). Give d(p).
-18
Suppose 0 = -i - 3*q + 20, -3*q + 17 = 2*i - 11. Suppose -i = 3*k - 17. Let n(y) = 2*y**2 - y - 1. Determine n(k).
14
Let f(o) = 26 + 0*o + 12*o + 14*o - 7*o + 6*o. Determine f(-1).
1
Suppose 4*b + 6*p + 20 = 8*p, -5*p = 30. Let t(y) = -y**2 - 13*y - 57. Determine t(b).
-17
Let g(d) = -d**2 - 30. Let l(y) = -10*y**2 - y - 284. Let c(m) = 19*g(m) - 2*l(m). 